{"id":393,"date":"2016-02-03T21:22:12","date_gmt":"2016-02-03T20:22:12","guid":{"rendered":"http:\/\/musikverein-uelsen.de\/wordpress\/?page_id=393"},"modified":"2016-02-11T19:57:32","modified_gmt":"2016-02-11T18:57:32","slug":"bluray","status":"publish","type":"page","link":"https:\/\/musikverein-uelsen.de\/wordpress\/mediathek\/bluray\/","title":{"rendered":"Bluray"},"content":{"rendered":"<p><img loading=\"lazy\" decoding=\"async\" class=\"size-medium wp-image-429 alignleft\" src=\"http:\/\/musikverein-uelsen.de\/wordpress\/wp-content\/uploads\/2016\/02\/Bluraycover-276x300.jpg\" alt=\"Bluraycover\" width=\"276\" height=\"300\" srcset=\"https:\/\/musikverein-uelsen.de\/wordpress\/wp-content\/uploads\/2016\/02\/Bluraycover-276x300.jpg 276w, https:\/\/musikverein-uelsen.de\/wordpress\/wp-content\/uploads\/2016\/02\/Bluraycover-230x250.jpg 230w, https:\/\/musikverein-uelsen.de\/wordpress\/wp-content\/uploads\/2016\/02\/Bluraycover.jpg 350w\" sizes=\"auto, (max-width: 276px) 100vw, 276px\" \/><\/p>\n<p>Am 3. Oktober 2015 fand unser Konzert &#8222;Zur\u00fcck in die Zukunft&#8220; anl\u00e4sslich unseres 25-j\u00e4hrigen Jubil\u00e4ums statt. Wir haben Ton und Bild mitgeschnitten. J\u00f6rg Seemann und Siegfried Kluth haben daraus eine tolle Bluray produziert.<\/p>\n<p>Freuen Sie sich auf 120 Minuten Musik mit allen Titeln aus dem Konzert. Au\u00dferdem auf der Bluray: Alle Videos der Instrumentengruppen.<\/p>\n<p>Haben Sie interesse an dieser bluray, dann schreiben Sie an webmaster@musikverein-uelsen.de<\/p>\n","protected":false},"excerpt":{"rendered":"<p>Am 3. Oktober 2015 fand unser Konzert &#8222;Zur\u00fcck in die Zukunft&#8220; anl\u00e4sslich unseres 25-j\u00e4hrigen Jubil\u00e4ums statt. Wir haben Ton und Bild mitgeschnitten. J\u00f6rg Seemann und Siegfried Kluth haben daraus eine tolle Bluray produziert. Freuen Sie sich auf 120 Minuten Musik mit allen Titeln aus dem Konzert. Au\u00dferdem auf der Bluray: Alle Videos der Instrumentengruppen. Haben<\/p>\n<p><a href=\"https:\/\/musikverein-uelsen.de\/wordpress\/mediathek\/bluray\/\" class=\"more-link themebutton\">Read More<\/a><\/p>\n","protected":false},"author":2,"featured_media":0,"parent":35,"menu_order":0,"comment_status":"closed","ping_status":"closed","template":"","meta":{"footnotes":""},"mt-event-group":[],"class_list":["post-393","page","type-page","status-publish","hentry"],"_links":{"self":[{"href":"https:\/\/musikverein-uelsen.de\/wordpress\/wp-json\/wp\/v2\/pages\/393","targetHints":{"allow":["GET"]}}],"collection":[{"href":"https:\/\/musikverein-uelsen.de\/wordpress\/wp-json\/wp\/v2\/pages"}],"about":[{"href":"https:\/\/musikverein-uelsen.de\/wordpress\/wp-json\/wp\/v2\/types\/page"}],"author":[{"embeddable":true,"href":"https:\/\/musikverein-uelsen.de\/wordpress\/wp-json\/wp\/v2\/users\/2"}],"replies":[{"embeddable":true,"href":"https:\/\/musikverein-uelsen.de\/wordpress\/wp-json\/wp\/v2\/comments?post=393"}],"version-history":[{"count":5,"href":"https:\/\/musikverein-uelsen.de\/wordpress\/wp-json\/wp\/v2\/pages\/393\/revisions"}],"predecessor-version":[{"id":433,"href":"https:\/\/musikverein-uelsen.de\/wordpress\/wp-json\/wp\/v2\/pages\/393\/revisions\/433"}],"up":[{"embeddable":true,"href":"https:\/\/musikverein-uelsen.de\/wordpress\/wp-json\/wp\/v2\/pages\/35"}],"wp:attachment":[{"href":"https:\/\/musikverein-uelsen.de\/wordpress\/wp-json\/wp\/v2\/media?parent=393"}],"wp:term":[{"taxonomy":"mt-event-group","embeddable":true,"href":"https:\/\/musikverein-uelsen.de\/wordpress\/wp-json\/wp\/v2\/mt-event-group?post=393"}],"curies":[{"name":"wp","href":"https:\/\/api.w.org\/{rel}","templated":true}]}}

<p><img loading="lazy" decoding="async" class="size-medium wp-image-429 alignleft" src="http://musikverein-uelsen.de/wordpress/wp-content/uploads/2016/02/Bluraycover-276x300.jpg" alt="Bluraycover" width="276" height="300" srcset="https://musikverein-uelsen.de/wordpress/wp-content/uploads/2016/02/Bluraycover-276x300.jpg 276w, https://musikverein-uelsen.de/wordpress/wp-content/uploads/2016/02/Bluraycover-230x250.jpg 230w, https://musikverein-uelsen.de/wordpress/wp-content/uploads/2016/02/Bluraycover.jpg 350w" sizes="auto, (max-width: 276px) 100vw, 276px" /></p>
<p>Am 3. Oktober 2015 fand unser Konzert &#8222;Zurück in die Zukunft&#8220; anlässlich unseres 25-jährigen Jubiläums statt. Wir haben Ton und Bild mitgeschnitten. Jörg Seemann und Siegfried Kluth haben daraus eine tolle Bluray produziert.</p>
<p>Freuen Sie sich auf 120 Minuten Musik mit allen Titeln aus dem Konzert. Außerdem auf der Bluray: Alle Videos der Instrumentengruppen.</p>
<p>Haben Sie interesse an dieser bluray, dann schreiben Sie an webmaster@musikverein-uelsen.de</p>

<p>Am 3. Oktober 2015 fand unser Konzert &#8222;Zurück in die Zukunft&#8220; anlässlich unseres 25-jährigen Jubiläums statt. Wir haben Ton und Bild mitgeschnitten. Jörg Seemann und Siegfried Kluth haben daraus eine tolle Bluray produziert. Freuen Sie sich auf 120 Minuten Musik mit allen Titeln aus dem Konzert. Außerdem auf der Bluray: Alle Videos der Instrumentengruppen. Haben</p>
<p><a href="https://musikverein-uelsen.de/wordpress/mediathek/bluray/" class="more-link themebutton">Read More</a></p>
