{"id":27,"date":"2016-01-08T20:45:56","date_gmt":"2016-01-08T19:45:56","guid":{"rendered":"http:\/\/musikverein-uelsen.de\/wordpress\/?page_id=27"},"modified":"2016-02-03T21:44:54","modified_gmt":"2016-02-03T20:44:54","slug":"erinnerungen","status":"publish","type":"page","link":"https:\/\/musikverein-uelsen.de\/wordpress\/das-orchester\/erinnerungen\/","title":{"rendered":"Erinnerungen"},"content":{"rendered":"<h5>An dieser Stelle m\u00f6chten wir unserer verstorbenen Mitgliedern gedenken. Drei Freunde sind aus unserer Mitte gerissen worden.<\/h5>\n<h5><\/h5>\n<h5><\/h5>\n<h6>Gitta<\/h6>\n<p><img loading=\"lazy\" decoding=\"async\" class=\"alignnone size-medium wp-image-386\" src=\"http:\/\/musikverein-uelsen.de\/wordpress\/wp-content\/uploads\/2016\/02\/Gitta02-237x300.jpg\" alt=\"Gitta02\" width=\"237\" height=\"300\" srcset=\"https:\/\/musikverein-uelsen.de\/wordpress\/wp-content\/uploads\/2016\/02\/Gitta02-237x300.jpg 237w, https:\/\/musikverein-uelsen.de\/wordpress\/wp-content\/uploads\/2016\/02\/Gitta02-230x291.jpg 230w, https:\/\/musikverein-uelsen.de\/wordpress\/wp-content\/uploads\/2016\/02\/Gitta02.jpg 277w\" sizes=\"auto, (max-width: 237px) 100vw, 237px\" \/>\u00a0\u00a0 <img loading=\"lazy\" decoding=\"async\" class=\"size-medium wp-image-385\" src=\"http:\/\/musikverein-uelsen.de\/wordpress\/wp-content\/uploads\/2016\/02\/Gitta01-219x300.jpg\" alt=\"SONY DSC\" width=\"219\" height=\"300\" srcset=\"https:\/\/musikverein-uelsen.de\/wordpress\/wp-content\/uploads\/2016\/02\/Gitta01-219x300.jpg 219w, https:\/\/musikverein-uelsen.de\/wordpress\/wp-content\/uploads\/2016\/02\/Gitta01-230x315.jpg 230w, https:\/\/musikverein-uelsen.de\/wordpress\/wp-content\/uploads\/2016\/02\/Gitta01.jpg 258w\" sizes=\"auto, (max-width: 219px) 100vw, 219px\" \/><\/p>\n<p>Am 12. August 2014 verstarb unsere liebe erste Posaunistin Gitta Kronemeyer nach langer, schwerer Krankheit im Alter von 47 Jahren. 17 Jahre lang war sie als aktives Mitglied in unserer Mitte. Sie war die j\u00fcngere Schwester unserer Dirigentin Helga Hoogland und auch ihre Tochter Nadine hat viele Jahre als Hornistin bei uns im Orchester gespielt.<br \/>\nBesonders die Solostellen in ihrer Stimme sah sie immer gerne als gro\u00dfe Herausforderung an und \u00fcberzeugte so mit ihrem sch\u00f6nen Posaunenklang. Bei den Proben fehlt sie uns nun sehr und ihr Tod macht uns immer wieder aufs Neue sehr traurig.<br \/>\nDurch ihre fr\u00f6hliche und humorvolle Art hat sie nun einen ganz besonderen Platz in unseren Herzen bekommen. Wir werden Gitta nie vergessen.<\/p>\n<h5><\/h5>\n<h5><\/h5>\n<h6>Linda<\/h6>\n<p><img loading=\"lazy\" decoding=\"async\" class=\"alignnone size-medium wp-image-387\" src=\"http:\/\/musikverein-uelsen.de\/wordpress\/wp-content\/uploads\/2016\/02\/Linda1-194x300.jpg\" alt=\"Linda1\" width=\"194\" height=\"300\" srcset=\"https:\/\/musikverein-uelsen.de\/wordpress\/wp-content\/uploads\/2016\/02\/Linda1-194x300.jpg 194w, https:\/\/musikverein-uelsen.de\/wordpress\/wp-content\/uploads\/2016\/02\/Linda1-230x355.jpg 230w, https:\/\/musikverein-uelsen.de\/wordpress\/wp-content\/uploads\/2016\/02\/Linda1-350x541.jpg 350w, https:\/\/musikverein-uelsen.de\/wordpress\/wp-content\/uploads\/2016\/02\/Linda1.jpg 356w\" sizes=\"auto, (max-width: 194px) 100vw, 194px\" \/>\u00a0\u00a0\u00a0 <img loading=\"lazy\" decoding=\"async\" class=\"alignnone size-medium wp-image-388\" src=\"http:\/\/musikverein-uelsen.de\/wordpress\/wp-content\/uploads\/2016\/02\/Linda2-221x300.jpg\" alt=\"Linda2\" width=\"221\" height=\"300\" srcset=\"https:\/\/musikverein-uelsen.de\/wordpress\/wp-content\/uploads\/2016\/02\/Linda2-221x300.jpg 221w, https:\/\/musikverein-uelsen.de\/wordpress\/wp-content\/uploads\/2016\/02\/Linda2-230x312.jpg 230w, https:\/\/musikverein-uelsen.de\/wordpress\/wp-content\/uploads\/2016\/02\/Linda2.jpg 258w\" sizes=\"auto, (max-width: 221px) 100vw, 221px\" \/><\/p>\n<p>Am 17. M\u00e4rz 2007 verungl\u00fcckte Linda bei einem schweren Verkehrsunfall t\u00f6dlich. Sie spielte mit ihrem Horn in unserem Orchester im Bariton. Gemeinsam mit ihren Geschwistern Hanna und Christian war sie Mitglied in unserem Orchester und immer mit Freude bei Proben, Konzerten, Feiern und Ausfl\u00fcgen dabei.<br \/>\nLinda hatte im Sommer 2006 eine Ausbildung begonnen und war gerade erst mit ihrem Freund in ein liebevoll renoviertes Haus gezogen. Die Zukunftstr\u00e4ume zerplatzten j\u00e4h mit diesem traurigen Ungl\u00fcck.<br \/>\nWir gedenken auch ihrem Freund Kim, der zusammen mit Linda bei diesem Unfall sein Leben verlor.<br \/>\nLinda, du wirst eine gro\u00dfe L\u00fccke in unserem Orchester hinterlassen. Du wirst uns fehlen!<\/p>\n<h5><\/h5>\n<h5><\/h5>\n<h6>Thorsten<\/h6>\n<p><img loading=\"lazy\" decoding=\"async\" class=\"alignnone size-medium wp-image-390\" src=\"http:\/\/musikverein-uelsen.de\/wordpress\/wp-content\/uploads\/2016\/02\/thorsten2-218x300.jpg\" alt=\"thorsten2\" width=\"218\" height=\"300\" srcset=\"https:\/\/musikverein-uelsen.de\/wordpress\/wp-content\/uploads\/2016\/02\/thorsten2-218x300.jpg 218w, https:\/\/musikverein-uelsen.de\/wordpress\/wp-content\/uploads\/2016\/02\/thorsten2-230x316.jpg 230w, https:\/\/musikverein-uelsen.de\/wordpress\/wp-content\/uploads\/2016\/02\/thorsten2.jpg 278w\" sizes=\"auto, (max-width: 218px) 100vw, 218px\" \/>\u00a0\u00a0\u00a0 <img loading=\"lazy\" decoding=\"async\" class=\"alignnone size-medium wp-image-389\" src=\"http:\/\/musikverein-uelsen.de\/wordpress\/wp-content\/uploads\/2016\/02\/thorsten1-188x300.jpg\" alt=\"thorsten1\" width=\"188\" height=\"300\" srcset=\"https:\/\/musikverein-uelsen.de\/wordpress\/wp-content\/uploads\/2016\/02\/thorsten1-188x300.jpg 188w, https:\/\/musikverein-uelsen.de\/wordpress\/wp-content\/uploads\/2016\/02\/thorsten1-230x368.jpg 230w, https:\/\/musikverein-uelsen.de\/wordpress\/wp-content\/uploads\/2016\/02\/thorsten1.jpg 239w\" sizes=\"auto, (max-width: 188px) 100vw, 188px\" \/><\/p>\n<p>Im Sommer 2004 verstarb Thorsten durch einen schweren Autounfall im Alter von 20 Jahren. Er war auf dem Weg zu einem Gottesdienst mit dem Posaunenchor Georgsdorf. Thorsten hat sich mit dem Musikverein absolut identifiziert. Er war nicht nur Posaunist, sondern hat auch andere Aufgaben \u00fcbernommen, wenn es etwas zu organisieren gab. Au\u00dferdem war Thorsten immer ein Vorbild f\u00fcr unsere jungen Mitspieler und hat sich auch mit ihnen besch\u00e4ftigt. Thorsten war aus dem Musikverein nicht mehr wegzudenken.\u00a0Noch heute f\u00e4llt es uns schwer, wenn wir bei den Proben auf seinen leeren Stuhl blicken, konzentriert weiter zu spielen. Auch jetzt ist es nicht einfach, die richtigen Worte zu finden. Thorsten geh\u00f6rte wie selbstverst\u00e4ndlich zum Verein. Er war ein Mensch auf den man sich verlassen konnte &#8211; einfach unersetzlich!<\/p>\n","protected":false},"excerpt":{"rendered":"<p>An dieser Stelle m\u00f6chten wir unserer verstorbenen Mitgliedern gedenken. Drei Freunde sind aus unserer Mitte gerissen worden. Gitta \u00a0\u00a0 Am 12. August 2014 verstarb unsere liebe erste Posaunistin Gitta Kronemeyer nach langer, schwerer Krankheit im Alter von 47 Jahren. 17 Jahre lang war sie als aktives Mitglied in unserer Mitte. Sie war die j\u00fcngere Schwester<\/p>\n<p><a href=\"https:\/\/musikverein-uelsen.de\/wordpress\/das-orchester\/erinnerungen\/\" class=\"more-link themebutton\">Read More<\/a><\/p>\n","protected":false},"author":1,"featured_media":0,"parent":15,"menu_order":0,"comment_status":"closed","ping_status":"closed","template":"","meta":{"footnotes":""},"mt-event-group":[],"class_list":["post-27","page","type-page","status-publish","hentry"],"_links":{"self":[{"href":"https:\/\/musikverein-uelsen.de\/wordpress\/wp-json\/wp\/v2\/pages\/27","targetHints":{"allow":["GET"]}}],"collection":[{"href":"https:\/\/musikverein-uelsen.de\/wordpress\/wp-json\/wp\/v2\/pages"}],"about":[{"href":"https:\/\/musikverein-uelsen.de\/wordpress\/wp-json\/wp\/v2\/types\/page"}],"author":[{"embeddable":true,"href":"https:\/\/musikverein-uelsen.de\/wordpress\/wp-json\/wp\/v2\/users\/1"}],"replies":[{"embeddable":true,"href":"https:\/\/musikverein-uelsen.de\/wordpress\/wp-json\/wp\/v2\/comments?post=27"}],"version-history":[{"count":9,"href":"https:\/\/musikverein-uelsen.de\/wordpress\/wp-json\/wp\/v2\/pages\/27\/revisions"}],"predecessor-version":[{"id":406,"href":"https:\/\/musikverein-uelsen.de\/wordpress\/wp-json\/wp\/v2\/pages\/27\/revisions\/406"}],"up":[{"embeddable":true,"href":"https:\/\/musikverein-uelsen.de\/wordpress\/wp-json\/wp\/v2\/pages\/15"}],"wp:attachment":[{"href":"https:\/\/musikverein-uelsen.de\/wordpress\/wp-json\/wp\/v2\/media?parent=27"}],"wp:term":[{"taxonomy":"mt-event-group","embeddable":true,"href":"https:\/\/musikverein-uelsen.de\/wordpress\/wp-json\/wp\/v2\/mt-event-group?post=27"}],"curies":[{"name":"wp","href":"https:\/\/api.w.org\/{rel}","templated":true}]}}

<h5>An dieser Stelle möchten wir unserer verstorbenen Mitgliedern gedenken. Drei Freunde sind aus unserer Mitte gerissen worden.</h5>
<h5></h5>
<h5></h5>
<h6>Gitta</h6>
<p><img loading="lazy" decoding="async" class="alignnone size-medium wp-image-386" src="http://musikverein-uelsen.de/wordpress/wp-content/uploads/2016/02/Gitta02-237x300.jpg" alt="Gitta02" width="237" height="300" srcset="https://musikverein-uelsen.de/wordpress/wp-content/uploads/2016/02/Gitta02-237x300.jpg 237w, https://musikverein-uelsen.de/wordpress/wp-content/uploads/2016/02/Gitta02-230x291.jpg 230w, https://musikverein-uelsen.de/wordpress/wp-content/uploads/2016/02/Gitta02.jpg 277w" sizes="auto, (max-width: 237px) 100vw, 237px" />   <img loading="lazy" decoding="async" class="size-medium wp-image-385" src="http://musikverein-uelsen.de/wordpress/wp-content/uploads/2016/02/Gitta01-219x300.jpg" alt="SONY DSC" width="219" height="300" srcset="https://musikverein-uelsen.de/wordpress/wp-content/uploads/2016/02/Gitta01-219x300.jpg 219w, https://musikverein-uelsen.de/wordpress/wp-content/uploads/2016/02/Gitta01-230x315.jpg 230w, https://musikverein-uelsen.de/wordpress/wp-content/uploads/2016/02/Gitta01.jpg 258w" sizes="auto, (max-width: 219px) 100vw, 219px" /></p>
<p>Am 12. August 2014 verstarb unsere liebe erste Posaunistin Gitta Kronemeyer nach langer, schwerer Krankheit im Alter von 47 Jahren. 17 Jahre lang war sie als aktives Mitglied in unserer Mitte. Sie war die jüngere Schwester unserer Dirigentin Helga Hoogland und auch ihre Tochter Nadine hat viele Jahre als Hornistin bei uns im Orchester gespielt.<br />
Besonders die Solostellen in ihrer Stimme sah sie immer gerne als große Herausforderung an und überzeugte so mit ihrem schönen Posaunenklang. Bei den Proben fehlt sie uns nun sehr und ihr Tod macht uns immer wieder aufs Neue sehr traurig.<br />
Durch ihre fröhliche und humorvolle Art hat sie nun einen ganz besonderen Platz in unseren Herzen bekommen. Wir werden Gitta nie vergessen.</p>
<h5></h5>
<h5></h5>
<h6>Linda</h6>
<p><img loading="lazy" decoding="async" class="alignnone size-medium wp-image-387" src="http://musikverein-uelsen.de/wordpress/wp-content/uploads/2016/02/Linda1-194x300.jpg" alt="Linda1" width="194" height="300" srcset="https://musikverein-uelsen.de/wordpress/wp-content/uploads/2016/02/Linda1-194x300.jpg 194w, https://musikverein-uelsen.de/wordpress/wp-content/uploads/2016/02/Linda1-230x355.jpg 230w, https://musikverein-uelsen.de/wordpress/wp-content/uploads/2016/02/Linda1-350x541.jpg 350w, https://musikverein-uelsen.de/wordpress/wp-content/uploads/2016/02/Linda1.jpg 356w" sizes="auto, (max-width: 194px) 100vw, 194px" />    <img loading="lazy" decoding="async" class="alignnone size-medium wp-image-388" src="http://musikverein-uelsen.de/wordpress/wp-content/uploads/2016/02/Linda2-221x300.jpg" alt="Linda2" width="221" height="300" srcset="https://musikverein-uelsen.de/wordpress/wp-content/uploads/2016/02/Linda2-221x300.jpg 221w, https://musikverein-uelsen.de/wordpress/wp-content/uploads/2016/02/Linda2-230x312.jpg 230w, https://musikverein-uelsen.de/wordpress/wp-content/uploads/2016/02/Linda2.jpg 258w" sizes="auto, (max-width: 221px) 100vw, 221px" /></p>
<p>Am 17. März 2007 verunglückte Linda bei einem schweren Verkehrsunfall tödlich. Sie spielte mit ihrem Horn in unserem Orchester im Bariton. Gemeinsam mit ihren Geschwistern Hanna und Christian war sie Mitglied in unserem Orchester und immer mit Freude bei Proben, Konzerten, Feiern und Ausflügen dabei.<br />
Linda hatte im Sommer 2006 eine Ausbildung begonnen und war gerade erst mit ihrem Freund in ein liebevoll renoviertes Haus gezogen. Die Zukunftsträume zerplatzten jäh mit diesem traurigen Unglück.<br />
Wir gedenken auch ihrem Freund Kim, der zusammen mit Linda bei diesem Unfall sein Leben verlor.<br />
Linda, du wirst eine große Lücke in unserem Orchester hinterlassen. Du wirst uns fehlen!</p>
<h5></h5>
<h5></h5>
<h6>Thorsten</h6>
<p><img loading="lazy" decoding="async" class="alignnone size-medium wp-image-390" src="http://musikverein-uelsen.de/wordpress/wp-content/uploads/2016/02/thorsten2-218x300.jpg" alt="thorsten2" width="218" height="300" srcset="https://musikverein-uelsen.de/wordpress/wp-content/uploads/2016/02/thorsten2-218x300.jpg 218w, https://musikverein-uelsen.de/wordpress/wp-content/uploads/2016/02/thorsten2-230x316.jpg 230w, https://musikverein-uelsen.de/wordpress/wp-content/uploads/2016/02/thorsten2.jpg 278w" sizes="auto, (max-width: 218px) 100vw, 218px" />    <img loading="lazy" decoding="async" class="alignnone size-medium wp-image-389" src="http://musikverein-uelsen.de/wordpress/wp-content/uploads/2016/02/thorsten1-188x300.jpg" alt="thorsten1" width="188" height="300" srcset="https://musikverein-uelsen.de/wordpress/wp-content/uploads/2016/02/thorsten1-188x300.jpg 188w, https://musikverein-uelsen.de/wordpress/wp-content/uploads/2016/02/thorsten1-230x368.jpg 230w, https://musikverein-uelsen.de/wordpress/wp-content/uploads/2016/02/thorsten1.jpg 239w" sizes="auto, (max-width: 188px) 100vw, 188px" /></p>
<p>Im Sommer 2004 verstarb Thorsten durch einen schweren Autounfall im Alter von 20 Jahren. Er war auf dem Weg zu einem Gottesdienst mit dem Posaunenchor Georgsdorf. Thorsten hat sich mit dem Musikverein absolut identifiziert. Er war nicht nur Posaunist, sondern hat auch andere Aufgaben übernommen, wenn es etwas zu organisieren gab. Außerdem war Thorsten immer ein Vorbild für unsere jungen Mitspieler und hat sich auch mit ihnen beschäftigt. Thorsten war aus dem Musikverein nicht mehr wegzudenken. Noch heute fällt es uns schwer, wenn wir bei den Proben auf seinen leeren Stuhl blicken, konzentriert weiter zu spielen. Auch jetzt ist es nicht einfach, die richtigen Worte zu finden. Thorsten gehörte wie selbstverständlich zum Verein. Er war ein Mensch auf den man sich verlassen konnte &#8211; einfach unersetzlich!</p>

<p>An dieser Stelle möchten wir unserer verstorbenen Mitgliedern gedenken. Drei Freunde sind aus unserer Mitte gerissen worden. Gitta    Am 12. August 2014 verstarb unsere liebe erste Posaunistin Gitta Kronemeyer nach langer, schwerer Krankheit im Alter von 47 Jahren. 17 Jahre lang war sie als aktives Mitglied in unserer Mitte. Sie war die jüngere Schwester</p>
<p><a href="https://musikverein-uelsen.de/wordpress/das-orchester/erinnerungen/" class="more-link themebutton">Read More</a></p>
