{"id":23,"date":"2016-01-08T20:45:29","date_gmt":"2016-01-08T19:45:29","guid":{"rendered":"http:\/\/musikverein-uelsen.de\/wordpress\/?page_id=23"},"modified":"2025-10-06T12:51:08","modified_gmt":"2025-10-06T11:51:08","slug":"vorstand","status":"publish","type":"page","link":"https:\/\/musikverein-uelsen.de\/wordpress\/das-orchester\/vorstand\/","title":{"rendered":"Vorstand"},"content":{"rendered":"<p><img loading=\"lazy\" decoding=\"async\" class=\"size-medium wp-image-127 alignleft\" src=\"http:\/\/musikverein-uelsen.de\/wordpress\/wp-content\/uploads\/2016\/01\/vorstand2015-300x214.jpg\" alt=\"vorstand2015\" width=\"300\" height=\"214\" srcset=\"https:\/\/musikverein-uelsen.de\/wordpress\/wp-content\/uploads\/2016\/01\/vorstand2015-300x214.jpg 300w, https:\/\/musikverein-uelsen.de\/wordpress\/wp-content\/uploads\/2016\/01\/vorstand2015-230x164.jpg 230w, https:\/\/musikverein-uelsen.de\/wordpress\/wp-content\/uploads\/2016\/01\/vorstand2015-350x250.jpg 350w, https:\/\/musikverein-uelsen.de\/wordpress\/wp-content\/uploads\/2016\/01\/vorstand2015.jpg 500w\" sizes=\"auto, (max-width: 300px) 100vw, 300px\" \/><\/p>\n<p>von Links nach Rechts:<\/p>\n<p>Johann Epmann, Anita J\u00fcngerink, Helga Hoogland, Hermann Z\u00fcwering, Pia Janke, Henning Baumann, Mira Tien, Dirk Jacobs, Bettina Schl\u00fcter, Teun den Toom<\/p>\n<p>Unser aktueller Vorstand:<\/p>\n<table border=\"0\" width=\"400\">\n<tbody>\n<tr>\n<td>1. Vorsitzender<\/td>\n<td>Dirk Jacobs<\/td>\n<\/tr>\n<tr>\n<td>2. Vorsitzender<\/td>\n<td>Henning Felix<\/td>\n<\/tr>\n<tr>\n<td>Musikalische Leitung<\/td>\n<td>Helga Hoogland<\/td>\n<\/tr>\n<tr>\n<td>1. Kassenwartin<\/td>\n<td>Bettina Schl\u00fcter<\/td>\n<\/tr>\n<tr>\n<td>2. Kassenwartin<\/td>\n<td>Anita J\u00fcngerink<\/td>\n<\/tr>\n<tr>\n<td>1. Protokollf\u00fchrerin<\/td>\n<td>Pia Janke<\/td>\n<\/tr>\n<tr>\n<td>2. Protokollf\u00fchrerin<\/td>\n<td>Birte Alsmeier<\/td>\n<\/tr>\n<tr>\n<td>Mitgliederverwaltung<\/td>\n<td>Mira Tien<\/td>\n<\/tr>\n<tr>\n<td>Beisitz<\/td>\n<td>Johann Epmann<\/td>\n<\/tr>\n<tr>\n<td>Beisitz<\/td>\n<td>Jaap Heinink<\/td>\n<\/tr>\n<tr>\n<td>Beisitz<\/td>\n<td>Kevin Lambers<\/td>\n<\/tr>\n<\/tbody>\n<\/table>\n","protected":false},"excerpt":{"rendered":"<p>von Links nach Rechts: Johann Epmann, Anita J\u00fcngerink, Helga Hoogland, Hermann Z\u00fcwering, Pia Janke, Henning Baumann, Mira Tien, Dirk Jacobs, Bettina Schl\u00fcter, Teun den Toom Unser aktueller Vorstand: 1. Vorsitzender Dirk Jacobs 2. Vorsitzender Henning Felix Musikalische Leitung Helga Hoogland 1. Kassenwartin Bettina Schl\u00fcter 2. Kassenwartin Anita J\u00fcngerink 1. Protokollf\u00fchrerin Pia Janke 2. Protokollf\u00fchrerin Birte<\/p>\n<p><a href=\"https:\/\/musikverein-uelsen.de\/wordpress\/das-orchester\/vorstand\/\" class=\"more-link themebutton\">Read More<\/a><\/p>\n","protected":false},"author":1,"featured_media":0,"parent":15,"menu_order":0,"comment_status":"closed","ping_status":"closed","template":"","meta":{"footnotes":""},"mt-event-group":[],"class_list":["post-23","page","type-page","status-publish","hentry"],"_links":{"self":[{"href":"https:\/\/musikverein-uelsen.de\/wordpress\/wp-json\/wp\/v2\/pages\/23","targetHints":{"allow":["GET"]}}],"collection":[{"href":"https:\/\/musikverein-uelsen.de\/wordpress\/wp-json\/wp\/v2\/pages"}],"about":[{"href":"https:\/\/musikverein-uelsen.de\/wordpress\/wp-json\/wp\/v2\/types\/page"}],"author":[{"embeddable":true,"href":"https:\/\/musikverein-uelsen.de\/wordpress\/wp-json\/wp\/v2\/users\/1"}],"replies":[{"embeddable":true,"href":"https:\/\/musikverein-uelsen.de\/wordpress\/wp-json\/wp\/v2\/comments?post=23"}],"version-history":[{"count":9,"href":"https:\/\/musikverein-uelsen.de\/wordpress\/wp-json\/wp\/v2\/pages\/23\/revisions"}],"predecessor-version":[{"id":1623,"href":"https:\/\/musikverein-uelsen.de\/wordpress\/wp-json\/wp\/v2\/pages\/23\/revisions\/1623"}],"up":[{"embeddable":true,"href":"https:\/\/musikverein-uelsen.de\/wordpress\/wp-json\/wp\/v2\/pages\/15"}],"wp:attachment":[{"href":"https:\/\/musikverein-uelsen.de\/wordpress\/wp-json\/wp\/v2\/media?parent=23"}],"wp:term":[{"taxonomy":"mt-event-group","embeddable":true,"href":"https:\/\/musikverein-uelsen.de\/wordpress\/wp-json\/wp\/v2\/mt-event-group?post=23"}],"curies":[{"name":"wp","href":"https:\/\/api.w.org\/{rel}","templated":true}]}}