{"id":15,"date":"2016-01-08T20:43:50","date_gmt":"2016-01-08T19:43:50","guid":{"rendered":"http:\/\/musikverein-uelsen.de\/wordpress\/?page_id=15"},"modified":"2016-01-23T17:40:36","modified_gmt":"2016-01-23T16:40:36","slug":"das-orchester","status":"publish","type":"page","link":"https:\/\/musikverein-uelsen.de\/wordpress\/das-orchester\/","title":{"rendered":"Das Orchester"},"content":{"rendered":"<p><img loading=\"lazy\" decoding=\"async\" class=\"size-medium wp-image-130 alignright\" src=\"http:\/\/musikverein-uelsen.de\/wordpress\/wp-content\/uploads\/2016\/01\/gruppenbild-berlin-300x190.jpg\" alt=\"gruppenbild-berlin\" width=\"300\" height=\"190\" srcset=\"https:\/\/musikverein-uelsen.de\/wordpress\/wp-content\/uploads\/2016\/01\/gruppenbild-berlin-300x190.jpg 300w, https:\/\/musikverein-uelsen.de\/wordpress\/wp-content\/uploads\/2016\/01\/gruppenbild-berlin-230x146.jpg 230w, https:\/\/musikverein-uelsen.de\/wordpress\/wp-content\/uploads\/2016\/01\/gruppenbild-berlin-350x222.jpg 350w, https:\/\/musikverein-uelsen.de\/wordpress\/wp-content\/uploads\/2016\/01\/gruppenbild-berlin.jpg 515w\" sizes=\"auto, (max-width: 300px) 100vw, 300px\" \/><\/p>\n<p align=\"justify\">Der Musikverein Uelsen wurde am 23. April 1991 gegr\u00fcndet, nachdem Anfang 1990 Gespr\u00e4che zwischen der Musikschule Niedergrafschaft und der Gemeinde Uelsen \u00fcber die Gr\u00fcndung eines eigenst\u00e4ndigen Orchesters stattfanden. Zur ersten Probe trafen sich im April 1990 21 Bl\u00e4ser und Schlagzeuger. Von den ersten\u00a0Musikern\u00a0ist mittlerweile nur noch unsere Dirigentin aktiv\u00a0geblieben. Aufgrund von schulischen oder beruflichen Gr\u00fcnden m\u00fcssen zwar immer wieder Mitspieler das Orchester\u00a0verlassen,\u00a0dennoch\u00a0besteht der Musikverein\u00a0mittlerweile aus 84 aktiven Musikern mit einem Altersdurchschnitt von ca. 20 Jahren. Musiker im Alter von 11 bis 70 Jahren erfreuen sich an den Konzerten und Unternehmungen des Musikvereins.<\/p>\n<p align=\"justify\">Der Musikverein Uelsen hat ein weitreichendes Repertoire. Es reicht von modernen Pop-Arrangements\u00a0bis hin zu\u00a0Musical- und Filmmusik. So sind im Sommerprogramm Titel wie Tequila und das Peter Gunn Theme enthalten, w\u00e4hrend bei regelm\u00e4\u00dfigen Konzertenprojekten auch\u00a0gr\u00f6\u00dfere und umfangreichere Arrangements zum besten gegeben werden.<\/p>\n<p align=\"justify\">Weiterhin finden auch Konzertreisen statt. Der Musikverein war bereits\u00a0mehrmals in Gro\u00dfbritannien, Spanien und Prag. Aber auch kurze\u00a0Wochenendausfl\u00fcge au\u00dferhalb der Grafschaft Bentheim werden zum intensiven Proben genutzt.<\/p>\n<p align=\"justify\">Erfahrene Musiker\u00a0aber\u00a0auch Anf\u00e4nger, die gerne einmal in einem gro\u00dfen Orchester musizieren m\u00f6chten sind bei uns jederzeit herzlich Willkommen. Sprechen sie einfach ein aktives Mitglied an oder wenden sie sich\u00a0telefonisch oder per Email direkt an uns.<\/p>\n<p align=\"justify\">Reichen ihnen diese Informationen noch nicht, so empfehlen wir ihnen die Chronik oder auch den Pressebereich mit vielen Presseartikeln \u00fcber den Musikverein seit 1990.<\/p>\n","protected":false},"excerpt":{"rendered":"<p>Der Musikverein Uelsen wurde am 23. April 1991 gegr\u00fcndet, nachdem Anfang 1990 Gespr\u00e4che zwischen der Musikschule Niedergrafschaft und der Gemeinde Uelsen \u00fcber die Gr\u00fcndung eines eigenst\u00e4ndigen Orchesters stattfanden. Zur ersten Probe trafen sich im April 1990 21 Bl\u00e4ser und Schlagzeuger. Von den ersten\u00a0Musikern\u00a0ist mittlerweile nur noch unsere Dirigentin aktiv\u00a0geblieben. Aufgrund von schulischen oder beruflichen Gr\u00fcnden<\/p>\n<p><a href=\"https:\/\/musikverein-uelsen.de\/wordpress\/das-orchester\/\" class=\"more-link themebutton\">Read More<\/a><\/p>\n","protected":false},"author":1,"featured_media":0,"parent":0,"menu_order":0,"comment_status":"closed","ping_status":"closed","template":"","meta":{"footnotes":""},"mt-event-group":[],"class_list":["post-15","page","type-page","status-publish","hentry"],"_links":{"self":[{"href":"https:\/\/musikverein-uelsen.de\/wordpress\/wp-json\/wp\/v2\/pages\/15","targetHints":{"allow":["GET"]}}],"collection":[{"href":"https:\/\/musikverein-uelsen.de\/wordpress\/wp-json\/wp\/v2\/pages"}],"about":[{"href":"https:\/\/musikverein-uelsen.de\/wordpress\/wp-json\/wp\/v2\/types\/page"}],"author":[{"embeddable":true,"href":"https:\/\/musikverein-uelsen.de\/wordpress\/wp-json\/wp\/v2\/users\/1"}],"replies":[{"embeddable":true,"href":"https:\/\/musikverein-uelsen.de\/wordpress\/wp-json\/wp\/v2\/comments?post=15"}],"version-history":[{"count":4,"href":"https:\/\/musikverein-uelsen.de\/wordpress\/wp-json\/wp\/v2\/pages\/15\/revisions"}],"predecessor-version":[{"id":153,"href":"https:\/\/musikverein-uelsen.de\/wordpress\/wp-json\/wp\/v2\/pages\/15\/revisions\/153"}],"wp:attachment":[{"href":"https:\/\/musikverein-uelsen.de\/wordpress\/wp-json\/wp\/v2\/media?parent=15"}],"wp:term":[{"taxonomy":"mt-event-group","embeddable":true,"href":"https:\/\/musikverein-uelsen.de\/wordpress\/wp-json\/wp\/v2\/mt-event-group?post=15"}],"curies":[{"name":"wp","href":"https:\/\/api.w.org\/{rel}","templated":true}]}}

<p><img loading="lazy" decoding="async" class="size-medium wp-image-130 alignright" src="http://musikverein-uelsen.de/wordpress/wp-content/uploads/2016/01/gruppenbild-berlin-300x190.jpg" alt="gruppenbild-berlin" width="300" height="190" srcset="https://musikverein-uelsen.de/wordpress/wp-content/uploads/2016/01/gruppenbild-berlin-300x190.jpg 300w, https://musikverein-uelsen.de/wordpress/wp-content/uploads/2016/01/gruppenbild-berlin-230x146.jpg 230w, https://musikverein-uelsen.de/wordpress/wp-content/uploads/2016/01/gruppenbild-berlin-350x222.jpg 350w, https://musikverein-uelsen.de/wordpress/wp-content/uploads/2016/01/gruppenbild-berlin.jpg 515w" sizes="auto, (max-width: 300px) 100vw, 300px" /></p>
<p align="justify">Der Musikverein Uelsen wurde am 23. April 1991 gegründet, nachdem Anfang 1990 Gespräche zwischen der Musikschule Niedergrafschaft und der Gemeinde Uelsen über die Gründung eines eigenständigen Orchesters stattfanden. Zur ersten Probe trafen sich im April 1990 21 Bläser und Schlagzeuger. Von den ersten Musikern ist mittlerweile nur noch unsere Dirigentin aktiv geblieben. Aufgrund von schulischen oder beruflichen Gründen müssen zwar immer wieder Mitspieler das Orchester verlassen, dennoch besteht der Musikverein mittlerweile aus 84 aktiven Musikern mit einem Altersdurchschnitt von ca. 20 Jahren. Musiker im Alter von 11 bis 70 Jahren erfreuen sich an den Konzerten und Unternehmungen des Musikvereins.</p>
<p align="justify">Der Musikverein Uelsen hat ein weitreichendes Repertoire. Es reicht von modernen Pop-Arrangements bis hin zu Musical- und Filmmusik. So sind im Sommerprogramm Titel wie Tequila und das Peter Gunn Theme enthalten, während bei regelmäßigen Konzertenprojekten auch größere und umfangreichere Arrangements zum besten gegeben werden.</p>
<p align="justify">Weiterhin finden auch Konzertreisen statt. Der Musikverein war bereits mehrmals in Großbritannien, Spanien und Prag. Aber auch kurze Wochenendausflüge außerhalb der Grafschaft Bentheim werden zum intensiven Proben genutzt.</p>
<p align="justify">Erfahrene Musiker aber auch Anfänger, die gerne einmal in einem großen Orchester musizieren möchten sind bei uns jederzeit herzlich Willkommen. Sprechen sie einfach ein aktives Mitglied an oder wenden sie sich telefonisch oder per Email direkt an uns.</p>
<p align="justify">Reichen ihnen diese Informationen noch nicht, so empfehlen wir ihnen die Chronik oder auch den Pressebereich mit vielen Presseartikeln über den Musikverein seit 1990.</p>

<p>Der Musikverein Uelsen wurde am 23. April 1991 gegründet, nachdem Anfang 1990 Gespräche zwischen der Musikschule Niedergrafschaft und der Gemeinde Uelsen über die Gründung eines eigenständigen Orchesters stattfanden. Zur ersten Probe trafen sich im April 1990 21 Bläser und Schlagzeuger. Von den ersten Musikern ist mittlerweile nur noch unsere Dirigentin aktiv geblieben. Aufgrund von schulischen oder beruflichen Gründen</p>
<p><a href="https://musikverein-uelsen.de/wordpress/das-orchester/" class="more-link themebutton">Read More</a></p>
